 2) - (-2 + 0)
3
What is the value of 13 + -7 - -3 - 4?
5
Calculate 1 + 3 + (-10 - -12) + 0.
6
What is the value of 1 - 3 - (-1 + -4)?
3
-7 + (3 - -1) + 5
2
9 + -10 - (-2 + -1 - 1)
3
Calculate 4 - 9 - -8 - 10.
-7
Evaluate 7 + 1 + (7 - 8 - 3).
4
What is (-5 - (-6 + 7)) + 4?
-2
Calculate -9 - (-4 - -2 - 2).
-5
What is -2 - (-6 - -2) - -1 - -2?
5
1 + (-5 - -10) - 8
-2
Calculate -2 - -5 - (-2 + 2) - 2.
1
What is (0 - 0) + 9 + -14?
-5
What is (2 - 7 - -10) + -12 - -3?
-4
3 + -3 + -8 + 5
-3
Calculate 7 - 9 - 1 - 4.
-7
(-12 - -3 - -4) + (-1 - -5)
-1
What is -7 + 1 + 2 - (2 - 0)?
-6
What is the value of 8 + -5 + (4 + -2 - 0)?
5
-13 + (16 - (-9 + 3))
9
Calculate (-19 + 5 - -21) + 2.
9
-10 + 2 + (-18 - -16)
-10
What is the value of (-6 - -12) + (-4 - 6)?
-4
Calculate -1 + -5 + 1 + -3 + 8.
0
4 - 6 - (3 + -1 - 3)
-1
What is the value of 5 + (-4 + 0 - -3)?
4
-2 - (4 - (0 - -3)) - 0
-3
What is 2 + 1 + -11 - -5?
-3
What is -2 + -5 + 3 - -6?
2
Evaluate 0 - (-1 + -2 + (-6 - -9)).
0
1 + -5 + (-5 - -14)
5
What is the value of -4 - ((9 - 18) + 0 + 0)?
5
Evaluate -6 + (6 - -4) - (8 - -1).
-5
Calculate 4 - (1 - -9 - 8).
2
Calculate -8 - -20 - (8 - -1).
3
Calculate -25 - -18 - (2 - (13 + -1)).
3
Calculate -4 + -6 + 0 - (-28 + 25).
-7
14 + -20 + 10 + -2
2
What is the value of -7 + 11 + 4 + (-1 - -2)?
9
0 + (-7 - -8 - (-1 + 0))
2
Evaluate (-18 - -20) + -9 + 3 + 0.
-4
Evaluate 0 + -1 + -2 + 5.
2
What is (0 - 0) + 9 + -5?
4
Calculate (6 - 1) + -7 - -6.
4
What is the value of 4 + (-3 - (1 - 9) - 7)?
2
What is (4 - 3) + (1 - -2) + -2?
2
What is (-9 - (-10 - -5) - -6) + -4?
-2
What is the value of -1 - (4 + -3 + 3)?
-5
Calculate 1 + -4 - -3 - (34 - 37).
3
(7 + (-14 - 0) - -7) + 2
2
Calculate (25 - (13 - 0)) + -13.
-1
Evaluate -5 + (13 + -3 - 8).
-3
What is -2 + (3 + 10 + -8 - 2)?
1
What is the value of (-1 + -5 - (9 - 15)) + 1?
1
-1 + -5 - (-29 - -24)
-1
Evaluate -5 + 6 + 6 + -2.
5
(2 - 4) + -2 + 5 + 2
3
1 - (3 + (2 - 6)) - -2
4
Evaluate 1 - (-7 + 20 + -9).
-3
Evaluate -7 + (1 + -4 - -5).
-5
-133 + 135 - (-1 - -9)
-6
1 - (-1 - (3 + -1 + -5))
-1
What is the value of -5 - (-2 - 4 - -3) - 2?
-4
-9 + (18 - 0) - 15
-6
(-1 - 0) + -9 + -1 + 10
-1
Calculate 8 + (-16 - -3) + 2.
-3
What is 4 - (1 + -4 + 2)?
5
Calculate (-18 - -19) + 1 + 4 - 15.
-9
What is the value of (-3 - 2) + (-5 - (1 - 8))?
-3
What is 0 + 2 + 5 + -4 + 1?
4
Evaluate 6 + (-12 + 8 - 4).
-2
What is -4 - (2 + -13) - (3 - 0)?
4
Calculate (10 - 10) + (2 - (1 + -2)).
3
What is -12 - (-16 - 5 - -14)?
-5
What is the value of -1 - ((-5 - -2) + 7)?
-5
What is the value of 0 + (1 - -2) + -8?
-5
45 + -32 + -5 + -2
6
Calculate 0 + (1 + -5 - (-19 - -20)).
-5
5 + (-13 - (2 - 9))
-1
Evaluate (8 + -7 - 3) + 7.
5
What is 3 + -2 + (-10 - (-8 - -2))?
-3
Evaluate -4 + (3 + 1 - 4).
-4
What is the value of 3 + 0 + -5 + (4 - 1)?
1
What is the value of 3 + (6 - (1 - 0)) + -4?
4
What is 8 + (-19 - (-12 + 3))?
-2
Evaluate (-1 - -4 - (-10 + 11)) + 0.
2
Evaluate -9 + 8 + 2 + -5.
-4
What is -8 + 17 + (9 - 16) - 5?
-3
Calculate -4 - (17 + -6 - 14).
-1
Evaluate 1 + -4 + 9 + -3.
3
What is -2 - (2 - (-4 + 5 + -1))?
-4
What is (-8 - (6 + (-12 - 0))) + 6?
4
Calculate -8 + 5 + -3 + 4.
-2
-3 - -3 - 1 - (-4 - -1)
2
Calculate -2 - (-1 - (-5 - -3)).
-3
-20 + 31 - (4 - -9)
-2
-1 + -4 + (11 - -4) + -4
6
Evaluate (3 - 1 - (5 - 4)) + 1.
2
What is the value of 5 + (9 - (11 + -4))?
7
Calculate 0 + 0 - (-3 + 0 + -1).
4
What is (10 - -1) + (-15 + 26 - 14)?
8
Calculate (-12 - -7 - -1) + 2.
-2
-3 - -3 - (6 + (2 - 9))
1
Evaluate (1 - (-2 - -1)) + (-9 - -1).
-6
(-5 - 1) + 19 - 6
7
(2 - 12) + 17 + -9
-2
Calculate (-3 + 1 - -2) + (38 - 38).
0
What is 2 + (-5 - -1 - (-5 - -4))?
-1
What is the value of 2 - (-2 + 3 - 0)?
1
What is 2 - (-3 + 11 - 1 - 1)?
-4
What is the value of 3 + -3 + 3 + 0 + -1?
2
-2 - 4 - (-4 + -10 - -6)
2
What is -1 - (-7 + 11) - -12?
7
What is the value of -1 - (8 + 0 + -13 - -13)?
-9
3 - (1 + 8 - (-1 + 1))
-6
What is 2 + 0 - (-4 + 2 - -6)?
-2
Calculate -3 - -4 - (-8 - (-1 + -3)).
5
What is the value of 5 - 11 - -18 - 14?
-2
-3 + (6 - 3) + (-3 - -5)
2
(6 - (6 - -1)) + 5
4
Evaluate 8 - (4 + -4 - -7).
1
Evaluate (14 - 10) + -6 + 2.
0
What is 2 - ((3 - 6) + 2 + 7)?
-4
0 + 5 - ((-5 - -6) + 3)
1
What is the value of -4 - (1 + 1 + -6)?
0
3 + (-6 - -8) + -5 + -1
-1
6 + -3 + 0 + -2 + 4
5
-1 + 2 - (-1 - (3 - 1))
4
12 + (-2 + 11 - 18)
3
5 + -2 + 1 + 3 + 1
8
What is the value of 5 - -8 - (2 + 0 + 4)?
7
-5 + 4 + (8 - 3)
4
Calculate (-6 - -7 - -3) + (3 - 5).
2
Evaluate (-2 - -12) + (-24 - -17).
3
What is -2 - (-6 + 0 - -3 - -4)?
-3
What is the value of -5 + 1 - (-11 - (-10 - 0))?
-3
What is the value of (-11 - -5) + 7 - (1 + 1)?
-1
Evaluate -5 - -1 - (4 - 4).
-4
What is the value of -1 + (-10 + 4 - 0) + 7?
0
Evaluate -8 - (-1 - (4 - (5 + -4))).
-4
Calculate -97 - -115 - (11 + -1).
8
What is the value of (3 - 0) + -5 + 0?
-2
Calculate 3 + -12 + 10 - -7.
8
What is the value of 1 - 0 - (-2 - (6 + -8))?
1
-34 + 26 + -1 + 1
-8
-5 + (24 + -25 - (-1 + -12))
7
What is the value of -2 - (4 + (-9 - (-8 + 4)))?
-1
Calculate -4 + -4 + 13 - -3.
8
What is the value of (5 - -6) + 1 + -19?
-7
(-5 - (-8 - -6)) + (0 - -5)
2
-6 + 6 + -3 + 3 + -3
-3
What is 3 + -7 + 0 + 5?
1
What is -22 + 20 - (0 + (3 - 2))?
-3
-9 + -2 + 7 - -2
-2
Calculate ((4 - 0) + -8 - -1) + -8.
-11
Evaluate 3 + (-5 - (-5 + -1)).
4
Calculate 17 - (7 + -3 + 4) - 3.
6
(-12 + 10 - 2) + -3
-7
Evaluate -8 - -4 - -9 - 8.
-3
Calculate -1 - (3 + (-3 - 5)).
4
Evaluate 1 + 3 + (-1 - (-7 + 9)).
1
What is the value of 7 - ((-1 - -10) + 2)?
-4
Calculate 2 - (-2 - (-1 - 2)) - 0.
1
What is the value of (7 - 3 - 3) + -8 + 6?
-1
Evaluate -1 + 6 + -2 + -2 + -4.
-3
Calculate (-7 - (-14 + 6)) + -11.
-10
Calculate 168 + -177 - (0 + -15).
6
9 + -7 + -6 - (0 + 1)
-5
Evaluate 6 + -2 + (-5 - 8) + 4.
-5
What is the value of (-3 - (1 + -16)) + -7?
5
Calculate 1 - ((5 - -1) + -1).
-4
What is 10 - 7 - (1 + (-1 - 1))?
4
Evaluate -1 - (-1 + (3 + 0 - 3)).
0
What is the value of -5 - (-5 + (5 - 2) + -1)?
-2
Evaluate -2 + -2 + (-5 - -10) + 2.
3
What is -7 - -9 - (3 + 2)?
-3
What is the value of 10 + -2 - (7 - (-11 - -1))?
-9
What is 1 + -3 - (6 - 9)?
1
-4 + 0 - (-9 + 2)
3
Evaluate -1 - -7 - (-13 + 23).
-4
What is 7 + (0 + 4 - 9 - -2)?
4
Evaluate (-2 + -2 - (2 + -4)) + -2.
-4
What is the value of -3 + (-2 + 1 - -5)?
1
-7 + (-4 - (3 - 10))
-4
What is the value of 5 - 13 - -5 - 2?
-5
What is -12 + 15 - 8 - 5?
-10
Calculate 2 + -1 + -3 + 1 + -3.
-4
What is the value of 4 + -5 + -5 + 2?
-4
Calculate (7 - 3 - 1) + (0 - 5).
-2
2 - (3 + -1) - (-1 + 2)
-1
1 - (-11 - (-14 + -6))
-8
What is -21 + 21 + -4 + 0?
-4
(-2 - 1 - -4) + 1
2
What is 1 - 3 - (18 - (7 - -9))?
-4
-5 - (-7 + (2 - 2))
2
What is (3 - (27 + -12)) + 14?
2
Calculate -3 + (10 - (-3 + 2)).
8
What is (8 - (-5 - -11)) + 4?
6
Evaluate 9 - (-5 + 10) - 0.
4
What is the value of 1 + -1 + -2 - 0?
-2
What is (-3 - 1) + 1 + -2?
-5
Evaluate -6 + (21 - (9 - -1)).
5
What is -79 - -96 - (13 + -1)?
5
3 + -2 + 1 + 1 + -1
2
Evaluate (5 - 10) + 4 + 6.
5
Calculate 6 - -3 - (-5 - -8).
6
Evaluate -6 - (-12 - -7 - -14) - -6.
-9
Calculate -2 + -3 - (-1 - (0 - -2)).
-2
0 - -7 - (9 + -3 + 1)
0
What is (-9 - -8) + -4 + 1?
-4
Evaluate 3 + (0 - 3) + 0.
0
Calculate -2 - 6 - (-8 + 2).
-2
Evaluate (-2 - (-12 + (0 - -3))) + -2.
5
Evaluate 25 + -23 + (13 - 2) + -7.
6
3 - (-2 + -3 + 8)
0
Evaluate -2 + (1 - 0) + (7 - 5).
1
What is -3 - (2 + -14 + (4 - -2))?
3
4 - (2 + 1 + -4)
5
What is 17 - 17 - (5 + -13)?
8
(-6 - 2) + 6 + 0
-2
What is (2 - 11) + 7 + 1?
-1
Calculate -7 - ((-17 - -6) + 9).
-5
What is the value of 24 + -5 + (-1 - 9)?
9
Evaluate -1 - (-3 - (1 - (5 + -1))).
-1
What is the value of 1 - 5 - (85 + -86)?
-3
What is -3 + (2 - 1) + (-11 - -13)?
0
What is (-4 - 0) + -5 + 7?
-2
Calculate -1 - 2 - (-11 - -12) - -12.
8
Calculate -15 + 18 - (2 + -1).
2
-11 + 11 + (-1 - 2)
-3
Calculate 8 + (-1 + 1 - 8).
0
Evaluate (-3 - -7) + (-1 - 2).
1
Evaluate 4 + -2 - (5 - (1 + 2)).
0
Calculate (17 - 25 - (0 - 4)) + 3.
-1
What is the value of -1 - -1 - ((-4 - -2) + 3)?
-1
Calculate 7 + (-7 + (5 - -2) - 3).
4
1 + (7 - 8) + 4 + -3
1
-1 + 4 + (-6 - -3)
0
Evaluate 0 + -2 + 3 + 5 + -5.
1
Evaluate -3 + -9 + 5 + 0.
-7
Evaluate (-102 - -94) + (1 - 1).
-8
What is (0 - (-1 + 0)) + (-2 - -4)?
3
(-100 - -98) + -1 + (-1 - -7)
3
What is the value